14*g + 26. Let c be t(13). Let r = c + -8. Suppose -n = -r*n + 228. What is the highest common divisor of n and 38?
19
Let x = 301 + -271. Let g = 126 + -56. Calculate the highest common factor of x and g.
10
Let h(y) = -2*y**3 + 196*y**2 + 5*y - 301. Let l be h(98). Calculate the greatest common factor of 1932 and l.
21
Suppose -5*p = 40, 1273 + 2295 = 4*g + 5*p. What is the greatest common divisor of g and 594?
22
Let x be 18/(-1 - (-8)/((-32)/(-12))) + 15. What is the highest common factor of 6036 and x?
12
Let j(k) = k**2 - 5*k + 16. Let l be j(5). Let q be 2/3*31*(l + -13). What is the highest common factor of 31 and q?
31
Suppose -2*w - 216*x + 211*x + 75 = 0, w + 4*x = 42. Suppose 3*g - 1782 = -4*o - 450, 4*g + o = 1763. Calculate the greatest common factor of g and w.
10
Let j(h) = -h - 23. Let r be j(6). Let i = 28 + r. Let z be (i + 1 + 2 + -234)*-1. What is the highest common divisor of 29 and z?
29
Suppose 5*j - 2*m - 78 = 0, j - 6*j - 2*m + 82 = 0. What is the greatest common factor of j and 9792?
16
Let n be 2/3 - (-596)/6. Suppose 2707 = 58*q - 2935 + 1002. What is the highest common divisor of n and q?
20
Suppose d - 438 = -426. Suppose 1821 + 99 = d*k. What is the highest common factor of 96 and k?
32
Let s(b) = -5*b**2 - 216*b - 34. Let r be s(-43). What is the greatest common divisor of 1179 and r?
9
Suppose 0 = -y - 3*h + 24, 20*y - 25*y + 120 = h. What is the greatest common divisor of y and 174?
6
Let d = 26 + 2. Suppose 39*u - 41*u = -d. Suppose 18 = 3*s - 24. What is the highest common divisor of u and s?
14
Suppose -54*b = 33*b + 5*b - 184. What is the greatest common factor of b and 2267?
1
Let n be 35728/96 - 4/24. Let y = n - 332. What is the highest common divisor of 380 and y?
20
Let x(w) = 2*w**3 + 19*w**2 + 17*w - 14. Suppose 56 = -m - 6*m. Let u be x(m). What is the highest common divisor of 70 and u?
14
Suppose -h - 8 = -2*t, -t + 5*t + 2*h = 0. Let z be (45/(-6))/(20/(-8) + t). Let g = 7 + 8. What is the highest common factor of z and g?
15
Let z = 367 - -70. Suppose -2*b = -4*f - b + z, -5*b = -5*f + 565. Let t = 116 + -104. Calculate the highest common divisor of t and f.
12
Let l(z) = 2*z**2 + 18*z + 12. Let j = -75 - -47. Let d = 14 + j. Let o be l(d). Calculate the greatest common factor of 19 and o.
19
Let r(t) = t**2 + 3*t + 7. Let x be r(0). Let k = x - -29. Suppose 2*w - 2 - 10 = 0. Calculate the highest common divisor of k and w.
6
Let q be (-18)/2*((-1410)/(-18))/(-5). Suppose -q = i - 2*i. Let c = 168 - i. Calculate the greatest common divisor of c and 18.
9
Let o = -13080 - -17755. Calculate the highest common divisor of 170 and o.
85
Let t = -33 + 103. Suppose 4*f = 3*q - 1402, -3*f = -q + 453 + 596. Let m = -344 - f. What is the greatest common factor of t and m?
5
Let c be ((-6)/8)/((-2 + 6)/(-32)). Let r be (-102 + 8 + 7)/(c/(-4)). What is the highest common factor of r and 638?
58
Suppose 0 = 5*o - 4*i - 468, 8*i - 3*i = 15. Let u = 498 - 330. Suppose 0 = 8*l + 6*l - u. What is the greatest common divisor of o and l?
12
Let k = -11 + 26. Let q be (11 + -5 - 21)/((-2)/38). Calculate the highest common factor of k and q.
15
Let z(q) = -404*q + 2036. Let h be z(4). What is the highest common divisor of h and 1764?
84
Let w be 3/(((-6)/(-39))/2). Suppose 0 = -222*m + 2550 + 114. Calculate the highest common divisor of m and w.
3
Suppose -a + 2*f + 70 + 156 = 0, f = a - 233. What is the highest common divisor of a and 1860?
60
Let n = 1561 - 6313. Let t be (n/9 + -4)/(-3 - -1). Suppose 0 = -3*d + 3*j + 52 + 59, 147 = 4*d - 5*j. Calculate the greatest common factor of t and d.
38
Let h = -121 - -122. Let c be h/(-2)*(-1 + (-3)/3). What is the greatest common divisor of 1 and c?
1
Suppose -156*p + 2858 + 141449 + 124013 = 0. What is the greatest common divisor of 220 and p?
20
Suppose -454*l + 460*l = 60. Calculate the greatest common factor of l and 3170.
10
Let g(b) = 623*b**2 + 2*b - 1. Let h be g(1). Suppose 5*r + u + 1239 = 1635, 3*r + 5*u = 264. What is the highest common divisor of h and r?
78
Suppose -12*o + 1765 = 44*o - 307. What is the greatest common divisor of 1813 and o?
37
Suppose -16 = 25*j - 23*j. Let r(x) = -28*x + 1. Let s be r(j). Calculate the greatest common factor of 75 and s.
75
Suppose 148 = -8*t + 396. Let i be -4 + 5 - (1 - -1). Let y = i + t. Calculate the highest common divisor of y and 150.
30
Suppose 0 = 5*i + h - 39, 8*i - 5*h - 57 = 5*i. Let j = 36 + 63. Calculate the greatest common divisor of i and j.
9
Let a(k) = 19744*k - 1485. Let w be a(1). What is the greatest common factor of 19 and w?
19
Let x be (23247/615)/(1/60). What is the highest common divisor of 98 and x?
14
Let t(r) = 135*r**3 + r + 1. Let j be t(-1). Let u = 176 + j. What is the highest common divisor of 82 and u?
41
Suppose -61*z = -4106 - 9070. What is the highest common factor of z and 576?
72
Let c(u) = -u**3 - 29*u**2 + 29*u - 15. Let x be c(-30). Suppose -x*s + 603 = -507. What is the greatest common divisor of s and 814?
74
Let f = 169 + 671. What is the highest common divisor of 315 and f?
105
Let w = 2286 + -2266. Calculate the greatest common factor of w and 1580.
20
Suppose -2*j + 698 = 4*y, 2*y + 0*j = -3*j + 343. Let k = -2 + 4. Suppose 0 = -3*b - k*b + 55. Calculate the greatest common divisor of y and b.
11
Suppose 40*t - 38*t + 9708 = u, 2*u - 2*t - 19408 = 0. Calculate the greatest common divisor of 80 and u.
20
Suppose -5*w + 3*o + 69 = 0, 3*w = w + 4*o + 36. Let y be (16/w)/(4/(-30)). Let k be y*(-2 + (-4 - -3)). Calculate the highest common factor of k and 12.
6
Let u be -1 - (-45 + 2 + -3). Let z be (-309)/(-12) + (-330)/(-40) + -9. Calculate the greatest common factor of u and z.
5
Let z = 3827 + -3804. Calculate the greatest common factor of 5474 and z.
23
Suppose 55*g - 93404 = 151. Calculate the highest common divisor of 42 and g.
21
Let g be 102*(-6)/(-8)*70/21. Let d = -1130 + 1135. What is the greatest common divisor of g and d?
5
Let m be 27/(-63) - (-17)/7. Suppose a + 154 = d, -d + 785 = 4*d - m*a. Calculate the greatest common factor of d and 53.
53
Suppose 40237 = -33*j + 127324. Suppose 0 = 25*n - j - 4486. What is the highest common divisor of 228 and n?
57
Let l = -4459 + 5243. Calculate the highest common divisor of l and 80.
16
Suppose -f - 2679 = -3*a, f + 1096 - 201 = a. What is the greatest common divisor of 4 and a?
4
Let v(b) = -349*b - 1806. Let a be v(-14). What is the greatest common divisor of 11 and a?
11
Let a be (295/(-20))/((-447)/(-1092) - 9/21). What is the highest common divisor of a and 221?
13
Suppose 2035 - 10729 = -42*i. Let t = 24 - -3. Calculate the greatest common divisor of i and t.
9
Let f be 427695/100 + (-22)/(-440). Calculate the highest common factor of 637 and f.
91
Let b be (0 - -1)/((-4)/1284). Let g be b/(-4) + 1/(-4). Let h be (48/28)/(186/(-1736)) - -32. What is the greatest common factor of g and h?
16
Let w = -25002 + 25054. What is the greatest common divisor of 18811 and w?
13
Suppose -3*g - 2 = -14. Suppose g*j + 264 = -3*c + 19, -5*j = c + 89. Let i = -75 - c. Calculate the highest common divisor of i and 1.
1
Let z = -140 - -200. Let s be (-10)/(-15) - 298/6. Let j = s + z. Calculate the highest common factor of 55 and j.
11
Let w(d) = -4*d**3 + 3*d**2 - 4*d - 4. Let l be w(-3). Suppose 1153 + l = 18*h. What is the highest common factor of 54 and h?
18
Suppose -4*k = 4*n - 0 - 36, -5*k - 35 = 0. Calculate the greatest common divisor of n and 181.
1
Let f(w) = w**3 - 67*w**2 + 258*w - 190. Let i be f(65). What is the greatest common factor of 120 and i?
30
Suppose -2*b - 5*w = -7*b + 20, 3*b - 4 = -5*w. Suppose 5*h - 277 = 19*j - 15*j, h - 53 = 2*j. What is the greatest common divisor of b and h?
3
Let h = 239 + -118. Let y(j) = -j**3 + 3*j**2 - 14*j - 102. Let o be y(-4). What is the greatest common factor of h and o?
11
Suppose 6*s = -9 + 1389. Suppose -92 = -4*m - 7*o + 3*o, -3*o - 11 = -m. Calculate the greatest common factor of s and m.
10
Let a(x) = 652*x - 5110. Let r be a(8). Calculate the highest common divisor of r and 14734.
106
Let q be 1782 + 7*22/14. Calculate the greatest common divisor of 11 and q.
11
Let b(c) = -c**3 + 2*c**2 - 78*c + 3872. Let f be b(0). What is the greatest common divisor of 32 a